1 - ((-51 - -80) + 17))
-60
What is -104 - (-49 + -25) - (1 - 17)?
-14
What is the value of 5 + -31 + 16 + (2 + -63 - (-4 - -6))?
-73
Evaluate -1 + -11 - (10 + -17 - -8) - 0.
-13
Evaluate -10 + 8 - (-9 + (-3 - (5 + 0 + 0))).
15
Calculate -117 + (196 - 114) - (58 + -2).
-91
Calculate -49 - ((12 - 26) + 19 - 22).
-32
Calculate -2 + (4 - 34) + (-17 - -23) + -13 + 6.
-33
Evaluate -3 + 1 + (-17 - (-12 + 24 + (2 - 27))).
-6
Evaluate 1 + -324 + 291 + 1 + -20.
-51
Evaluate 18 + 8 - 44 - -42.
24
Evaluate (-35 - -41) + -4 + 3 + -13 + -81 + 2.
-87
2601 - 2674 - (-3 + 6 - (3 + 0 + 0))
-73
Evaluate 202 + -161 + (79 - (-7 - 0)).
127
(-1 + 3 + -1 - (29 - (50 + -20))) + -47
-45
Evaluate -51 - (-48 + (-2 - 43)).
42
What is the value of 30 - (75 - (11 - -14))?
-20
What is the value of (3 - 1) + -17 - (33 + (-8 - 12))?
-28
What is -22 - ((20 - (-23 - -21)) + -46)?
2
51 + -45 + (14 - 2) + -10 + -89
-81
Evaluate -1 - (-1 + 4 - (33 - 27) - 4).
6
7 + 4 + -6 + -6 - (68 + 5 + -17)
-57
What is 15 - 0 - (44 - (40 + 2)) - -47?
60
What is the value of 4 + (7 + -15 + (14 - -17) - -2)?
29
Evaluate (1 + -1 - 15) + (-759 - -820) + -46 + 1.
1
32 + -12 - 136 - -108
-8
-49 - (10 + 2 + 6 - -5)
-72
What is -44 - (118 - 68) - -12?
-82
Calculate 617 + -463 + -15 + -17.
122
What is (126 - (4 + 8 + 9)) + -22?
83
What is 3 + -45 + (39 - -13) + (109 - 1)?
118
What is the value of 5 - ((2 - -9) + (-58 - -42)) - 14?
-4
Calculate -8 - (-140 - -7) - 253.
-128
-30 + (-74 - (-33 + -84))
13
6 - -3 - ((-20 - -60) + -29 + 6)
-8
What is the value of -10 - (-7 - -6 - (-24 - -37))?
4
Calculate -130 + (-93 - -234) - ((1 - 2) + 2 - -18).
-8
(7 - (-195 + 198 - (3 - 1))) + (3 - 64)
-55
Calculate 113 + 3 + (-5 - (-5 - -13)) + 7 + -9.
101
What is the value of 62 + (28 - 83) + -2 + 11?
16
What is -84 - (11 + -48 - -38 - (12 - 1))?
-74
Calculate 10 - (65 - (31 - (-5 + 47))).
-66
(-34 - (0 - 6) - -12) + 7 - (-21 - 9)
21
-12 - (31 + -37 + 4 + -9)
-1
Evaluate 90 - (-33 + 71) - 45.
7
What is 41 + (-77 - -52) - (97 + 3 + -10)?
-74
What is -22 + 1 + (24 + -11 - -19) + -15?
-4
What is the value of (4 - -6) + 19 + -15 - (2 - -10)?
2
Calculate 0 - (69 - (8 - (7 + 0 + 17))).
-85
Evaluate 1 - (20 + -91) - 56.
16
Calculate (24 - (58 - 22)) + 5 + 7 + 38.
38
-19 - (4 - (-24 - (30 - 59)))
-18
1 + -12 + (-28 - -27) + 41 + (11 - 0)
40
Calculate -79 - (-40 + 3) - (-7 - 1).
-34
97 - ((-141 - -49) + 144)
45
-9 + (12 - 10) - -6 - -1 - 4 - -44
40
Evaluate (-17 + 4 - (4 - 3)) + -18.
-32
What is the value of (0 - -13) + -336 + 330 - (3 + -2)?
6
What is the value of (18 - -10 - 10) + -76 + 33?
-25
Evaluate (9 - (1 + -3)) + -19 + 6 + 23.
21
What is (1 - -1) + 28 + 27 + -14 + (-9 - -5)?
39
Evaluate 50 + (-21 - -15) - 84.
-40
Evaluate (113 - 4) + ((-58 - -57) + -7 + 4 - -1).
106
Evaluate (26 - 38 - -12 - 16) + 14 + 0.
-2
Calculate -23 + (-5 - 7) + 75.
40
What is (38 - (97 - 44)) + 4?
-11
Calculate (15 + 10 + -9 - 9) + (84 - (10 - -1)).
80
What is the value of -50 + -9 + (103 - 44)?
0
What is (137 + -142 - (0 + -4)) + 9 + 0?
8
What is the value of 47 - 2 - (11 + -10 + 4) - (-4 - -3)?
41
What is (1449 - 1428) + (-1 - -2)?
22
What is the value of 0 - 5 - ((2 - 235) + 131)?
97
What is 7 + 14 + -6 - -5 - -24?
44
Calculate -95 - -208 - 143 - 69.
-99
What is (-8 - (-8 - 13) - 0) + 0 + 10?
23
Calculate (-137 - -57) + -5 + 25.
-60
What is 13 - ((10 - (30 + 0 + -12 + 2)) + 17)?
6
-144 - (-238 + 71) - (-9 - 1)
33
What is the value of -23 + 11 + -4 - (-18 - -2) - 6?
-6
Calculate 24 + (7 - (-12 - -22)) - (-2 - 6).
29
128 - (-100 + -40 + 136)
132
-73 + -23 + 91 + (6 - 6) + (-2 - 26)
-33
What is the value of -19 - (-17 - (-17 - -68))?
49
Calculate -3 - -4 - (2 - (-9 + -28)) - (1 + 9).
-48
What is the value of -203 + (-2 - 26) + 113?
-118
Calculate -15 + -20 + (34 - (-1 + 24)).
-24
What is 19 + -64 + 19 + 6 + 38 + -11?
7
What is 8 - (-10 + (5 - 15) - (-25 + 17))?
20
Calculate -165 + 157 - (-2 + 0 + -3 + 20 + -24).
1
Evaluate -25 - ((-11 - 18) + -30 + 29).
5
What is the value of 3640 + -3649 + -1 + -1 + -1 + -1 - -8?
-5
Evaluate -18 - (152 + -86 + -54).
-30
(-34 - 5 - -40) + -2
-1
Evaluate -24 + 20 + (-11 - -5).
-10
Evaluate 75 + (41 - 57) + -56.
3
What is -2 - (-2 - 3) - ((6 - (-29 + 35)) + -18)?
21
Evaluate 13 - (1 + -4 - 14 - -9).
21
What is the value of 796 - 938 - (14 + -195)?
39
-4 + 28 + -34 + -39 - -11
-38
Evaluate (42 - 79) + -22 + 111.
52
What is -6 - (13 - (6 - -7 - -12)) - 46?
-40
-30 - (-69 - (-13 + 7 + 25))
58
What is (5 - -4) + 38 - (-71 + 86)?
32
Calculate 15 + 0 - (1 - (17 + -25 - -5)) - 105.
-94
(111 + 2 + -3 - (-1403 - -1407)) + -7
99
Evaluate -136 - -1 - ((64 - 12) + -78 - -32).
-141
10 - (-75 - -44) - (16 + -20 - (9 + -1))
53
Calculate -4418 + 4353 + (2 - 11).
-74
23 + (44 - (0 + -40)) + 24
131
What is (61 - 112) + -9 + 63?
3
Calculate -48 + -1 - ((-127 - -344) + -230).
-36
What is (-755 - -777) + -62 + -2?
-42
(-4 - (-18 - -19 - (-3 + -2 + -2))) + 23
11
-14 - (-48 - -27) - (-3 + -49)
59
What is -9 + (-17 - -1 - (-26 + -90 - -5))?
86
What is the value of (-7 - (91 + -135)) + -23?
14
Evaluate -1 + 54 - (149 - 134 - (-1 - -10)).
47
What is the value of (-16 - 0 - -27) + -11 - 5 - (-7 + 17)?
-15
Evaluate 166 + -175 - (8 + -3 + -3 + -8) - 9.
-12
What is the value of (29 - -1) + -1 + (-10 + 10 - -8) + -9?
28
(19 - (23 + -10) - (13 - 5 - -5)) + 123
116
What is 29 + (-5 - (-17 - -15))?
26
Calculate 49 + 2 - (185 + -146).
12
Evaluate (-2849 - -2853) + (1 - 41).
-36
Calculate -12 + 16 + (-37 - -17) + 18.
2
Evaluate -15 + (2 - 10) + 19 + (9 - 7).
-2
Evaluate -44 - (73 - (-24 - -84)).
-57
What is 10 + 7 + -24 + (-12 - -3) + -1?
-17
What is the value of -2 + 233 + -196 + (-2 - (-3 - 1))?
37
Evaluate (44 - (8 + 7)) + -22 + (17 - 7).
17
What is -57 - (20 + -35) - 1?
-43
0 - (-2 + -15) - (-1204 - -1240)
-19
Evaluate -46 + (8 - (1 - -7)) - 9.
-55
What is the value of ((-4 - -39) + 1 - -1) + (-77 - (-14 + -63))?
37
What is -90 - (-44 + 18 - 25)?
-39
What is the value of 3 + 57 + 42 + -52 - -16 - 6?
60
-10 + (10 - -9) - (90 - 99)
18
88 + (43 - -62 - 151)
42
Calculate 49 - ((-17 - (-3 - 12 - 3)) + 2).
46
Calculate 49 - (20 + (-4 - 9)) - (-2 - 6).
50
Calculate 5 + (76 - -4) + 3 + (-8 + 24 - 7).
97
What is -3 - (24 + (20 - (35 - 25)))?
-37
What is -2 - 30 - (-18 - (18 + -57))?
-53
What is the value of (-2 - -30) + 12 + 0 + (-357 - -343)?
26
What is the value of 20 - 3 - (-70 + 112)?
-25
-5 + 164 + -1 + (838 - 880)
116
-42 - (74 + (-58 - 56))
-2
What is 3 + 3 + 3 + (-2 - (11 - 8)) + 5?
9
What is the value of 82 + -69 + 17 + 1?
31
What is -1 - (-32 - ((-18 - -24) + (-11 - -10)))?
36
Calculate -26 + -101 - -94 - -85.
52
Evaluate -28 + 30 - ((-22 - 12) + -63).
99
What is (68 - -9) + (38 - (47 - -17))?
51
(2 + -4 - -22) + -16853 + 16856
23
What is the value of -9 - -2 - -34 - (-219 + 224)?
22
What is the value of 4 - (23 - ((-10 - -14) + 6)) - -5?
-4
-1 - -119 - (35 + 6 + 29 + -57)
105
(-14 - 1 - (-117 + -12 + 68)) + 5
51
What is the value of -2 + (1 - -10 - (-73 + 101))?
-19
What is -18 + 5 + -5 - (-34 + 30 + -10)?
-4
Evaluate 11 + (-13 - -31 - -2 - -12) - 4.
39
What is -7 + 3 + 0 + 1 + -2 - (-554 + 508)?
41
What is -132 - ((-58 - -167) + -248)?
7
What is the value of (42 - (70 - 33)) + -1 + -14 + 3?
-7
What is the value of 9 + -145 - (98 + -64 - 38)?
-132
What is -94 + (-56 - -74) + 40?
-36
What is the value of 1 - (-17 + 68 + -12) - 38?
-76
Evaluate 5 - -6 - (330 - 244) - (4 - 0).
-79
Evaluate (15 - 5 - 1 - -38) + 1 + -10.
38
What is (-9 - (33 - 42 - (-13 - 0))) + (85 - 1)?
71
What is the value of (-95 - -89) + -3 + 115?
106
What is 99 + -37 + 6 + -14 + (0 - (11 - 0))?
43
Calculate (16 - (0 + 1)) + -1428 + 1417 + -61 + -2.
-59
Calculate (-2 + 17 + (18 - 56) - -5) + -3.
-21
What is 33 + 9 + (7 - (0 - -8)) + 9 - -4?
54
Evaluate -1 - (-4 + (5 - -3)) - -1 - (-19 + 43).
-28
-10681 - -10679 - (-2 - 99)
99
What is the value of (19 - -31) + -55 - (69 - -2) - 4?
-80
Calculate (6 + 0 - 29) + (-248 - -314).
43
Calculate (-5 - -1 - -54) + 2 + (-15 - (-5 - 1)).
43
22 - (-4 + -5 + 9 - -36)
-14
What is (19 + -35 - (8 - 12)) + -51 + -12?
-75
Calculate 33 - (-9 - -13) - (-4 - (-2 + -4)).
27
What is -22 + -19 + 93 + -126?
-74
Calculate (15 - 25) + 12 + 14 - 3.
13
Evaluate 71 - 0 - (1263 - 1250).
58
What is (33 - 21) + (44 - 39) + 2 + 69 + -5?
83
What is the value o